-18 - -62. Suppose 46*r = w*r + 2. Let a(i) = r*u(i) - 6*q(i). Give a(-4).
-13
Let i(z) be the third derivative of 0 - 4*z + 7/60*z**5 + 7/6*z**3 + z**2 - 3/8*z**4 - 1/120*z**6. Calculate i(6).
-11
Let r be (12/16)/((-2)/(-8)). Let i(c) = 111*c + 0*c**3 + 4*c**2 - 1 - 111*c - c**r. Calculate i(4).
-1
Suppose 28*a - 25*a = 105. Let k(s) = -27 - a*s + s**2 - 24*s + 69*s. Give k(-12).
-3
Let d(x) = x**3 + 19*x**2 + 16*x + 3. Suppose 16 + 361 = -33*s - 217. What is d(s)?
39
Suppose -5*d = -8*d + 27. Let k(m) = 2*m + 25. Let v be k(-11). Suppose v*o + 2*s + 36 = -2*o, -s = -2*o - d. Let j(r) = r**3 + 6*r**2 - 2*r + 5. What is j(o)?
17
Let u(o) = -o - 10. Let i = -61 + 30. Let j = i - -24. Give u(j).
-3
Let x = 0 - 2. Let f(w) = -81*w - 192. Let n(z) = 19*z + 43. Let i(s) = -2*f(s) - 9*n(s). What is i(x)?
15
Suppose 484*i - 1692 = 390*i. Let m(r) = -r**2 + 14*r + 1. What is m(i)?
-71
Let i(h) = -h**3 + 9*h**2 + 10*h + 6. Suppose -2*j - 1758 = -u, 2145 = -2*j - 3*u + 387. Let r = -869 - j. Calculate i(r).
6
Suppose -5*g - 95 - 243 = -3*o, 5*g = 5*o - 560. Let c(l) = -100*l**2 + 12*l + 4 + o*l**2 - 2*l + l**3. Let x be (-5)/(-2)*(-6 + -1 + 3). Determine c(x).
4
Let f = -1 - -4. Let w be 6 - (42/35)/(-2)*-5. Let q(u) = 3*u**2 + u**3 - 3*u**f - 205 + 207 + w*u. Determine q(3).
-16
Let z be (2/8)/(2/24). Let j(v) = -v**2 + 4*v + v**2 - 1 + 7*v**z - 6*v. Suppose 0 = 95*m - 100*m - 5. What is j(m)?
-6
Let l = 5 + 2. Let y(w) = 74*w + 65. Let i be y(4). Let v(k) = 359 - k + i - 718. Determine v(l).
-5
Let a(x) = 9*x**3 + x**2 - 63*x - 67. Let u be a(-1). Let q(v) = 8*v - 26. Give q(u).
-122
Let y(m) = 3*m**3 - m**2 + 693*m - 12. Let b be y(0). Let z(x) be the first derivative of -x**3/3 - 6*x**2 - x + 1. What is z(b)?
-1
Suppose 3*g - 587 = -581, -4*s = 2*g + 20. Let h(b) = b + 11. What is h(s)?
5
Let w(r) = r**2 - 26*r + 19. Suppose 4*t = -20, 821*o - 4*t = 818*o + 95. Calculate w(o).
-6
Let q(c) = -c**3 - 9*c**2 - 4*c + 20. Let o be (2 - (-20)/4)/(-5*(-3)/(-15)). Calculate q(o).
-50
Suppose -10*y - 4*m + 16 = -6*y, 4*m = 5*y + 16. Let u(t) = -t**3 + 2*t**2 + 2*t + 4. Determine u(y).
4
Suppose 4*x - 11*x = 420. Let u = -58 - x. Let r(t) = 11 + 6*t - 4*t - 14*t**u + 8*t - t**3 + 6*t**2. What is r(-9)?
2
Let p(z) = z + 72. Let j = -8294 + 8271. Give p(j).
49
Let r(z) = z**3 - 6*z**2 + 3*z. Let q be 30280/21 - (-36)/378. Let l be (-2)/(-21) + q/294. Calculate r(l).
-10
Let i(g) = -26*g**3 + 225446 - 225410 + 25*g**3. Let q be (-2)/(-3) + 8/(-12). Calculate i(q).
36
Let r(x) = -537 + 50 + 160*x - 200*x. Let d be r(-12). Let w(p) = -3*p - 23. Determine w(d).
-2
Let r(u) = 19*u + 104. Let a be r(-11). Let o be (1 - -1)*(a/14 - -8). Let f(c) = -c**2 - 2*c + 1. Calculate f(o).
-2
Let c(f) = -f. Let b(n) = n**2 + 5*n + 2. Let u(s) = -b(s) - 4*c(s). Let l = 2088 + -2085. What is u(l)?
-14
Let t(q) = 0 - 4*q + 1 + 0. Let v = 26470 - 26468. What is t(v)?
-7
Let b(z) = 19*z**3 + z - 1. Suppose 4*u - 5 + 65 = 0. Let d(v) = v**3 + 14*v**2 - 15*v + 1. Let i be d(u). What is b(i)?
19
Let k(z) = z**3 - z - 5. Let l(n) = 6*n - 9. Let b(s) = -7*s + 9. Let h(c) = -3*b(c) - 2*l(c). Let i be h(1). Determine k(i).
-5
Let v(n) = -45*n + 12. Let d(g) = -158*g + 37. Let t(j) = 2*d(j) - 7*v(j). Give t(-3).
-7
Let g(a) = a**3 + 2*a**2 - 4*a - 1. Let l be 2/((-3)/(-12) + (-93)/420). Suppose -v - l = -2*v. Let r = -74 + v. Calculate g(r).
-17
Let r(m) = -3*m + 3. Let z = 68 - 75. Let u be (280/(-42))/(z/6 - -1). Let t = 43 - u. Determine r(t).
-6
Let y(q) = q**2 + 12*q + 3. Let p(g) = 3*g**2 + 25*g + 6. Let d(b) = 2*p(b) - 5*y(b). Let w be (82/(-10) - (57 + -64))*-1665. Let m = -1990 + w. Calculate d(m).
-19
Let p(x) = x**3 + 7*x**2 + 3*x + 3. Let b be p(-6). Suppose b = 2*h - 5*h. Let q(t) = -t**2 + 22*t + 57*t + 8 - 63*t - 22*t. Determine q(h).
1
Let i(q) = -19*q**2 + q + 1. Let w = 132 + -121. Let f = w + -12. What is i(f)?
-19
Let x(a) = -432*a + 11. Let f(k) = -247*k + 6. Let m(i) = 7*f(i) - 4*x(i). Give m(1).
-3
Suppose w = 4*t - 0*t - 57, -2*t + w = -27. Suppose t*u + 6 = 10*u + 3*c, -u + c = 0. Let y(g) = g**2 + g**3 + 0*g**2 - g + 0*g + 4. Give y(u).
-11
Suppose 5*x - 4*v + 17 = 0, -22*x + 26*x - v + 7 = 0. Let o(b) = 31*b**3 + b**2 + 2*b + 2. Determine o(x).
-30
Let p(i) = -2. Let t(v) = -2*v - 29. Let q(m) = -24*p(m) + 3*t(m). Calculate q(-9).
15
Let d(f) = 2*f**2 - 4*f. Let v = -6 + 10. Suppose -40 = -s - v. Let h be -4*(9/s - (-1 - -2)). What is d(h)?
6
Let h(x) be the second derivative of 5*x**3/6 - 79*x**2/2 + 3*x - 186. Determine h(15).
-4
Let j(y) be the first derivative of -y**2 - 4*y + 1/3*y**3 - 48. Suppose 0 = -4*m + r + 18, -19 = m - 6*m + 3*r. Determine j(m).
11
Let o(c) be the first derivative of -23*c**3/6 + c**2/2 - 291*c + 294. Let b(w) be the first derivative of o(w). Calculate b(1).
-22
Let h be 16/10 - 12/20. Let x be 4 + -2 + (-1 - h). Suppose -11*i + 9*i = x. Let g(t) = -t**3 - t**2 - t - 2. Give g(i).
-2
Let g = -43 + -124. Let v = -161 - g. Let m(x) = x**3 - 7*x**2 + 7*x - 5. What is m(v)?
1
Suppose -17 - 35 = -2*g. Let y(t) = g*t**3 - 55*t**3 + 14 + 28*t**3 - 5*t - 7*t**2. Calculate y(-6).
8
Let a(u) = -u**3 + 3*u**2 - u + 1. Suppose 6 = 5*l + 21, -4*o + 1 = 5*l. Let m be o/(9/((-135)/(-20))). Calculate a(m).
-2
Let y(i) be the second derivative of i**3 + 36*i**2 - 10745*i. Determine y(-13).
-6
Let v(y) = y**3 + 12*y**2 + 19*y - 3. Let c be v(-7). Let q(l) = 1 - 4 - 108*l**2 + c*l**2. Suppose -3*o - 4*r = -o, -3*o + 2*r = 0. Calculate q(o).
-3
Let c(z) = -2*z - 1. Let v be 4 + 2/(-5)*85/34. Suppose -v = 11*t - 10*t. Give c(t).
5
Let a = 347 - 167. Let j(y) = 24*y**3 - 28*y**3 - 2*y**2 + 3*y - a + 179. Determine j(1).
-4
Let l(i) = -i - 8. Let s(n) = -29 + 157*n - 11 - 154*n + 11. Let p be s(5). What is l(p)?
6
Let k be (5 - -2)/(-7) + 7 - (-2)/2. Let n(d) = d**2 + d - 5. Give n(k).
51
Let q(m) be the first derivative of m**2/2 + 7*m + 1545. Calculate q(6).
13
Let x(q) = -5*q - 10 - 1 + 4*q - 2*q. Suppose 0 = 5*h + 4*p + 25, 2*h - 20 + 30 = -p. Determine x(h).
4
Let r(y) = -10*y**2 + 7*y + 23. Let s(a) = -13*a**2 + 8*a + 22. Let c(k) = -4*r(k) + 3*s(k). Calculate c(6).
-14
Let b(w) = -w**3 + w**2 + w - 25. Suppose 3*h + 4*a + 1 = 17, -5*h - 12 = -3*a. Calculate b(h).
-25
Let j(n) be the second derivative of -3*n**3/2 - 127*n**2/2 + 5*n + 132. Determine j(-17).
26
Let j(f) be the first derivative of 3*f**2 + 11*f - 2. Let l = 39895 - 39903. What is j(l)?
-37
Let w(p) = -4*p**2 + 9*p - 2. Let o(j) = 4*j**2 - 8*j + 2. Let i(t) = -4*o(t) - 3*w(t). Suppose -36 = -3*f + 177. Let n = f - 68. Calculate i(n).
-23
Let l(n) = -3*n + 3. Let s(p) = -3*p + 4. Let h(j) = -2*l(j) + 3*s(j). Let f(i) = 18*i + 3. Let r be f(-2). Let o = 37 + r. Calculate h(o).
-6
Let t = 7253 + -7255. Let h(i) = 11*i**2 + 2*i + 7. Determine h(t).
47
Let m(z) = 687691 + 2*z - 687685 - 3*z - z. Suppose 0 = q - 6*q - 25. What is m(q)?
16
Suppose 45*t + 266 = 26*t. Let q(f) = -11*f - 152. Give q(t).
2
Let g = 15 - 13. Let o(a) = g*a**2 + 1 - 6*a - a**2 + 5. Suppose -9*r - 95 + 131 = 0. Determine o(r).
-2
Suppose -3*h = -2*l + 26, -5*l + 2*h - 5*h = -23. Let p(m) be the first derivative of -m**3/3 + 4*m**2 + 3*m + 322. Determine p(l).
10
Let i(z) = -23*z + 80. Let y be i(9). Let o = y - -131. Let n(s) = -4*s + 7 + s + 2*s. What is n(o)?
3
Let p(l) = -l**3 + 8. Let n(m) be the third derivative of -m**5/60 + m**4/8 + 5*m**3/3 - 2*m**2 + 9*m. Let b be n(5). Determine p(b).
8
Let o(b) = -11*b + 150. Let d be o(13). Suppose h - 2 = -4*q + d, 2*h = -3*q + 13. Let u(r) = -2*r - 2. Calculate u(q).
-4
Let s(i) = i**3 - 14*i**2 + 11*i + 17. Let a = 7071 - 7058. Calculate s(a).
-9
Let i(h) = -8 - 36 + 40 - h. Let p(v) be the third derivative of -v**6/120 + v**5/60 - v**4/12 + v**3/3 + 8*v**2. Let f be p(1). Give i(f).
-4
Let k(a) be the second derivative of -7*a**3/3 - 90*a**2 + 5218*a. Determine k(-14).
16
Let k(p) = -p - 11. Suppose 0 = -45*l - 37*l. Determine k(l).
-11
Let p(g) = -9*g**3 + 4 - 7*g**3 - 8*g**2 - 97*g - 3*g**3 + 89*g. Let f(i) = 23*i**3 + 9*i**2 + 9*i - 5. Let l(t) = 5*f(t) + 6*p(t). What is l(3)?
-10
Let d(b) = 2*b**3 - 11*b**2 - 1 - b**3 + 1596479*b - 1596479*b. Give d(11).
-1
Let j be (168/44)/(-7)*-11. Let a be (-4 + 2)*3/j. Let c(s) = 3*s**2 + 1. Give c(a).
4
Let s(h) be the f